{"id":9,"date":"2017-05-07T19:23:48","date_gmt":"2017-05-07T22:23:48","guid":{"rendered":"http:\/\/abes-es.org.br\/eventos\/?page_id=9"},"modified":"2025-12-04T16:28:57","modified_gmt":"2025-12-04T19:28:57","slug":"informacoes-para-envio","status":"publish","type":"page","link":"https:\/\/abes-es.org.br\/evento\/informacoes-para-envio\/","title":{"rendered":"Informa\u00e7\u00f5es para envio"},"content":{"rendered":"<h3 class=\"wp-block-heading\">1 \u2013 INFORMA\u00c7\u00d5ES GERAIS<\/h3>\n<p>1.1 \u2013 As instru\u00e7\u00f5es aqui contidas referem-se aos trabalhos orais<\/p>\n<p>1.2 \u2013 Ao inscrever seu trabalho, o autor estar\u00e1 automaticamente autorizando a ABES a utilizar a obra de sua autoria, em publica\u00e7\u00e3o impressa, digital, internet, pendrive, em seus ve\u00edculos institucionais e documentos editados, ou em qualquer outra m\u00eddia<\/p>\n<p>1.3 \u2013 Os trabalhos t\u00e9cnicos dever\u00e3o ser in\u00e9ditos, nacional e internacionalmente, e representar uma contribui\u00e7\u00e3o real ao desenvolvimento da Engenharia Sanit\u00e1ria e Ambiental<\/p>\n<p>1.4 \u2013 N\u00e3o ser\u00e3o aceitos relat\u00f3rios, tradu\u00e7\u00f5es e nem trabalhos que se traduzam em promo\u00e7\u00e3o comercial de determinada marca, produto ou empresa<\/p>\n<p>1.5 \u2013 \u00c9 permitido a qualquer autor inscrever mais de um trabalho<\/p>\n<p>1.6 \u2013 A C\u00e2mara Tem\u00e1tica de Dessaliniza\u00e7\u00e3o e Re\u00faso &#8211; ABES, ABES-ES e a ABCMAC n\u00e3o patrocinar\u00e1 qualquer despesa de autor, empresa ou entidade, seja qual for sua natureza<\/p>\n<p>1.7 \u2013 Os trabalhos devem ser enviados por e-mail at\u00e9 o dia<strong> 27\/05\/2026<\/strong> para o e-mail: <a href=\"mailto:trabalhostecnicos@abes-es.org.br\">trabalhostecnicos@abes-es.org.br<\/a><\/p>\n<p>1.8 \u2013 O trabalho n\u00e3o selecionado n\u00e3o ser\u00e1 devolvido ao autor e n\u00e3o constar\u00e1 na programa\u00e7\u00e3o do evento<\/p>\n<p>1.9 \u2013 Toda correspond\u00eancia relativa a trabalhos t\u00e9cnicos, bem como solicita\u00e7\u00e3o de esclarecimentos, dever\u00e1 ser encaminhada \u00e0 Comiss\u00e3o Cient\u00edfica do evento, atrav\u00e9s do e-mail: <a href=\"mailto:trabalhostecnicos@abes-es.org.br\"><strong>trabalhostecnicos@abes-es.org.br<\/strong><\/a><\/p>\n<h3 class=\"wp-block-heading\">2 \u2013 INSCRI\u00c7\u00c3O<\/h3>\n<p>2.1 \u2013 A submiss\u00e3o dos trabalhos t\u00e9cnicos ser\u00e1 feita at\u00e9 as 23h30 do dia <strong>27 de MAIO de 2026<\/strong> mediante o envio do trabalho completo e da ficha de inscri\u00e7\u00e3o para o e-mail<\/p>\n<p>2.2 \u2013 A Ficha de inscri\u00e7\u00e3o deve conter:<\/p>\n<ul>\n<li>T\u00edtulo do trabalho<\/li>\n<li>Tema e subtema<\/li>\n<li>Palavras-chave<\/li>\n<li>Incluir autores (nome completo, cpf, e-mail e telefone)<\/li>\n<\/ul>\n<p>2.3 \u2013 Autores n\u00e3o brasileiros dever\u00e3o preencher somente os campos \u201cnome completo\u201d e \u201cendere\u00e7o de e-mail\u201d<\/p>\n<p>2.4 \u2013 N\u00e3o ser\u00e3o aceitas inclus\u00f5es e\/ou exclus\u00f5es de autores, assim como altera\u00e7\u00f5es no t\u00edtulo do trabalho ap\u00f3s a inscri\u00e7\u00e3o do trabalho<\/p>\n<p>2.5 \u2013 Qualquer d\u00favida em rela\u00e7\u00e3o ao envio do trabalho, entrar em contato com a Comiss\u00e3o Cient\u00edfica pelo e-mail: <a href=\"mailto:trabalhostecnicos@abes-es.org.br\"><strong>trabalhostecnicos@abes-es.org.br<\/strong><\/a><\/p>\n<h3 class=\"wp-block-heading\">3 \u2013 APRESENTA\u00c7\u00c3O DOS TRABALHOS<\/h3>\n<p>3.1 \u2013 S\u00f3 ser\u00e3o aceitos os trabalhos que forem enviados no formato \u201c.doc\u201d. Todos os demais formatos de arquivos, inclusive os compactados, n\u00e3o ser\u00e3o avaliados<\/p>\n<p>3.2 \u2013 O trabalho dever\u00e1 ocupar no m\u00e1ximo 08 (oito) p\u00e1ginas, de at\u00e9 43 linhas cada uma. A formata\u00e7\u00e3o dever\u00e1 seguir o modelo do <a href=\"https:\/\/abes-es.org.br\/evento\/wp-content\/uploads\/2026\/03\/base-modelo-Trabalhos-tecnicos-.docx\">base modelo &#8211; Trabalhos tecnicos<\/a><\/p>\n<p>3.3 \u2013 Poder\u00e3o ser inclu\u00eddos figuras, gr\u00e1ficos e ilustra\u00e7\u00f5es, desde que o tamanho do arquivo n\u00e3o ultrapasse 3 MB<\/p>\n<p>3.4 \u2013 O trabalho completo dever\u00e1 conter:<\/p>\n<ul>\n<li>T\u00edtulo do trabalho (o mesmo assinalado na ficha de inscri\u00e7\u00e3o)<\/li>\n<li>Objetivo do trabalho<\/li>\n<li>Metodologia utilizada<\/li>\n<li>Resultados obtidos ou esperados<\/li>\n<li>Conclus\u00f5es\/recomenda\u00e7\u00f5es<\/li>\n<li>Refer\u00eancias bibliogr\u00e1ficas<\/li>\n<\/ul>\n<p>A Comiss\u00e3o de Avalia\u00e7\u00e3o analisar\u00e1 os trabalhos segundo esses crit\u00e9rios.<\/p>\n<h3 class=\"wp-block-heading\"><strong>4 \u2013 AVALIA\u00c7\u00c3O, SELE\u00c7\u00c3O E PRAZOS<\/strong><\/h3>\n<p>4.1 \u2013 A sele\u00e7\u00e3o dos trabalhos ser\u00e1 realizada pela Comiss\u00e3o Cient\u00edfica designada pelos membros da Comiss\u00e3o Organizadora<\/p>\n<p>4.2 \u2013 O n\u00famero de trabalhos selecionados para apresenta\u00e7\u00e3o oral no evento \u00e9 70 (setenta)<\/p>\n<p>4.3 \u2013 A listagem dos trabalhos selecionados ser\u00e1 disponibilizada no portal do evento, em <strong>27 de JUNHO de 2026<\/strong><\/p>\n<p>4.4 \u2013 Os autores dos trabalhos selecionados devem fazer a inscri\u00e7\u00e3o e e efetuar o pagamento, pelo menos de um dos autores do trabalho. S\u00f3 participar\u00e1 da apresenta\u00e7\u00e3o e receber\u00e1 certificado o autor inscrito e com o valor devidamente pago<\/p>\n<p>4.5 \u2013 Somente ser\u00e3o inclu\u00eddos na programa\u00e7\u00e3o oficial e nos anais do <strong>Evento Integrado: Cidades Intelig\u00eantes<\/strong>, os trabalhos completos orais que atenderem os seguintes crit\u00e9rios:<\/p>\n<ul>\n<li>Trabalho completo enviado at\u00e9 <strong>10 de AGOSTO de 2026<\/strong><\/li>\n<li>Inscri\u00e7\u00e3o e pagamento de um dos autores do trabalho at\u00e9 <strong>10 de AGOSTO de 2026<\/strong><\/li>\n<\/ul>\n<p>4.6 \u2013 Autores que n\u00e3o atenderem os crit\u00e9rios acima <strong>n\u00e3o ter\u00e3o<\/strong> seus trabalhos inclu\u00eddos no programa e nos anais do evento.<\/p>\n\r\n","protected":false},"excerpt":{"rendered":"","protected":false},"author":2,"featured_media":0,"parent":0,"menu_order":0,"comment_status":"closed","ping_status":"closed","template":"","meta":{"_acf_changed":false,"inline_featured_image":false,"footnotes":""},"class_list":["post-9","page","type-page","status-publish"],"acf":[],"_links":{"self":[{"href":"https:\/\/abes-es.org.br\/evento\/wp-json\/wp\/v2\/pages\/9","targetHints":{"allow":["GET"]}}],"collection":[{"href":"https:\/\/abes-es.org.br\/evento\/wp-json\/wp\/v2\/pages"}],"about":[{"href":"https:\/\/abes-es.org.br\/evento\/wp-json\/wp\/v2\/types\/page"}],"author":[{"embeddable":true,"href":"https:\/\/abes-es.org.br\/evento\/wp-json\/wp\/v2\/users\/2"}],"replies":[{"embeddable":true,"href":"https:\/\/abes-es.org.br\/evento\/wp-json\/wp\/v2\/comments?post=9"}],"version-history":[{"count":22,"href":"https:\/\/abes-es.org.br\/evento\/wp-json\/wp\/v2\/pages\/9\/revisions"}],"predecessor-version":[{"id":3934,"href":"https:\/\/abes-es.org.br\/evento\/wp-json\/wp\/v2\/pages\/9\/revisions\/3934"}],"wp:attachment":[{"href":"https:\/\/abes-es.org.br\/evento\/wp-json\/wp\/v2\/media?parent=9"}],"curies":[{"name":"wp","href":"https:\/\/api.w.org\/{rel}","templated":true}]}}

Informações para envio

<h3 class="wp-block-heading">1 – INFORMAÇÕES GERAIS</h3>
<p>1.1 – As instruções aqui contidas referem-se aos trabalhos orais</p>
<p>1.2 – Ao inscrever seu trabalho, o autor estará automaticamente autorizando a ABES a utilizar a obra de sua autoria, em publicação impressa, digital, internet, pendrive, em seus veículos institucionais e documentos editados, ou em qualquer outra mídia</p>
<p>1.3 – Os trabalhos técnicos deverão ser inéditos, nacional e internacionalmente, e representar uma contribuição real ao desenvolvimento da Engenharia Sanitária e Ambiental</p>
<p>1.4 – Não serão aceitos relatórios, traduções e nem trabalhos que se traduzam em promoção comercial de determinada marca, produto ou empresa</p>
<p>1.5 – É permitido a qualquer autor inscrever mais de um trabalho</p>
<p>1.6 – A Câmara Temática de Dessalinização e Reúso &#8211; ABES, ABES-ES e a ABCMAC não patrocinará qualquer despesa de autor, empresa ou entidade, seja qual for sua natureza</p>
<p>1.7 – Os trabalhos devem ser enviados por e-mail até o dia<strong> 27/05/2026</strong> para o e-mail: <a href="mailto:trabalhostecnicos@abes-es.org.br">trabalhostecnicos@abes-es.org.br</a></p>
<p>1.8 – O trabalho não selecionado não será devolvido ao autor e não constará na programação do evento</p>
<p>1.9 – Toda correspondência relativa a trabalhos técnicos, bem como solicitação de esclarecimentos, deverá ser encaminhada à Comissão Científica do evento, através do e-mail: <a href="mailto:trabalhostecnicos@abes-es.org.br"><strong>trabalhostecnicos@abes-es.org.br</strong></a></p>
<h3 class="wp-block-heading">2 – INSCRIÇÃO</h3>
<p>2.1 – A submissão dos trabalhos técnicos será feita até as 23h30 do dia <strong>27 de MAIO de 2026</strong> mediante o envio do trabalho completo e da ficha de inscrição para o e-mail</p>
<p>2.2 – A Ficha de inscrição deve conter:</p>
<ul>
<li>Título do trabalho</li>
<li>Tema e subtema</li>
<li>Palavras-chave</li>
<li>Incluir autores (nome completo, cpf, e-mail e telefone)</li>
</ul>
<p>2.3 – Autores não brasileiros deverão preencher somente os campos “nome completo” e “endereço de e-mail”</p>
<p>2.4 – Não serão aceitas inclusões e/ou exclusões de autores, assim como alterações no título do trabalho após a inscrição do trabalho</p>
<p>2.5 – Qualquer dúvida em relação ao envio do trabalho, entrar em contato com a Comissão Científica pelo e-mail: <a href="mailto:trabalhostecnicos@abes-es.org.br"><strong>trabalhostecnicos@abes-es.org.br</strong></a></p>
<h3 class="wp-block-heading">3 – APRESENTAÇÃO DOS TRABALHOS</h3>
<p>3.1 – Só serão aceitos os trabalhos que forem enviados no formato “.doc”. Todos os demais formatos de arquivos, inclusive os compactados, não serão avaliados</p>
<p>3.2 – O trabalho deverá ocupar no máximo 08 (oito) páginas, de até 43 linhas cada uma. A formatação deverá seguir o modelo do <a href="https://abes-es.org.br/evento/wp-content/uploads/2026/03/base-modelo-Trabalhos-tecnicos-.docx">base modelo &#8211; Trabalhos tecnicos</a></p>
<p>3.3 – Poderão ser incluídos figuras, gráficos e ilustrações, desde que o tamanho do arquivo não ultrapasse 3 MB</p>
<p>3.4 – O trabalho completo deverá conter:</p>
<ul>
<li>Título do trabalho (o mesmo assinalado na ficha de inscrição)</li>
<li>Objetivo do trabalho</li>
<li>Metodologia utilizada</li>
<li>Resultados obtidos ou esperados</li>
<li>Conclusões/recomendações</li>
<li>Referências bibliográficas</li>
</ul>
<p>A Comissão de Avaliação analisará os trabalhos segundo esses critérios.</p>
<h3 class="wp-block-heading"><strong>4 – AVALIAÇÃO, SELEÇÃO E PRAZOS</strong></h3>
<p>4.1 – A seleção dos trabalhos será realizada pela Comissão Científica designada pelos membros da Comissão Organizadora</p>
<p>4.2 – O número de trabalhos selecionados para apresentação oral no evento é 70 (setenta)</p>
<p>4.3 – A listagem dos trabalhos selecionados será disponibilizada no portal do evento, em <strong>27 de JUNHO de 2026</strong></p>
<p>4.4 – Os autores dos trabalhos selecionados devem fazer a inscrição e e efetuar o pagamento, pelo menos de um dos autores do trabalho. Só participará da apresentação e receberá certificado o autor inscrito e com o valor devidamente pago</p>
<p>4.5 – Somente serão incluídos na programação oficial e nos anais do <strong>Evento Integrado: Cidades Inteligêntes</strong>, os trabalhos completos orais que atenderem os seguintes critérios:</p>
<ul>
<li>Trabalho completo enviado até <strong>10 de AGOSTO de 2026</strong></li>
<li>Inscrição e pagamento de um dos autores do trabalho até <strong>10 de AGOSTO de 2026</strong></li>
</ul>
<p>4.6 – Autores que não atenderem os critérios acima <strong>não terão</strong> seus trabalhos incluídos no programa e nos anais do evento.</p>
