{"id":57,"date":"2017-05-08T14:52:40","date_gmt":"2017-05-08T17:52:40","guid":{"rendered":"http:\/\/abes-es.org.br\/eventos\/?page_id=57"},"modified":"2026-03-18T19:06:04","modified_gmt":"2026-03-18T22:06:04","slug":"fale-conosco","status":"publish","type":"page","link":"https:\/\/abes-es.org.br\/evento\/fale-conosco\/","title":{"rendered":"Fale Conosco"},"content":{"rendered":"<div class=\"lin\">\r\n<div class=\"col f-100\">\r\n<div class=\"p-30\"><form class=\"af-form acf-form\" method=\"POST\" action=\"https:\/\/abes-es.org.br\/evento\/wp-json\/wp\/v2\/pages\/57\" id=\"form_610385566f08e\" data-key=\"form_610385566f08e\"><div class=\"af-fields acf-fields acf-form-fields -top\">\t<div id=\"acf-form-data\" class=\"acf-hidden\">\n\t\t<input type=\"hidden\" id=\"_acf_screen\" name=\"_acf_screen\" value=\"acf_form\"\/><input type=\"hidden\" id=\"_acf_post_id\" name=\"_acf_post_id\" value=\"0\"\/><input type=\"hidden\" id=\"_acf_validation\" name=\"_acf_validation\" value=\"1\"\/><input type=\"hidden\" id=\"_acf_form\" name=\"_acf_form\" value=\"0\"\/><input type=\"hidden\" id=\"_acf_nonce\" name=\"_acf_nonce\" value=\"13dd27272a\"\/><input type=\"hidden\" id=\"_acf_changed\" name=\"_acf_changed\" value=\"0\"\/>\t<\/div>\n\t<div class=\"acf-hidden\"><input type=\"hidden\" name=\"_acfnonce\" value=\"2c46c5f043\"><input type=\"hidden\" name=\"nonce\" value=\"2c46c5f043\"><input type=\"hidden\" name=\"af_form\" value=\"form_610385566f08e\"><input type=\"hidden\" name=\"af_form_args\" value=\"eyJhamF4IjpmYWxzZSwiZGlzcGxheV90aXRsZSI6ZmFsc2UsImRpc3BsYXlfZGVzY3JpcHRpb24iOmZhbHNlLCJpZCI6ImZvcm1fNjEwMzg1NTY2ZjA4ZSIsInZhbHVlcyI6W10sInN1Ym1pdF90ZXh0IjoiRW52aWFyIiwicmVkaXJlY3QiOm51bGwsInRhcmdldCI6Imh0dHBzOlwvXC9hYmVzLWVzLm9yZy5iclwvZXZlbnRvXC93cC1qc29uXC93cFwvdjJcL3BhZ2VzXC81NyIsImVjaG8iOnRydWUsImV4Y2x1ZGVfZmllbGRzIjpbXSwidXBsb2FkZXIiOiJ3cCIsImZpbHRlcl9tb2RlIjpmYWxzZSwibGFiZWxfcGxhY2VtZW50IjoidG9wIiwiaW5zdHJ1Y3Rpb25fcGxhY2VtZW50IjoibGFiZWwiLCJob25leXBvdCI6dHJ1ZX0=\"><input type=\"hidden\" name=\"_acf_form\" value=\"eyJhamF4IjpmYWxzZSwiZGlzcGxheV90aXRsZSI6ZmFsc2UsImRpc3BsYXlfZGVzY3JpcHRpb24iOmZhbHNlLCJpZCI6ImZvcm1fNjEwMzg1NTY2ZjA4ZSIsInZhbHVlcyI6W10sInN1Ym1pdF90ZXh0IjoiRW52aWFyIiwicmVkaXJlY3QiOm51bGwsInRhcmdldCI6Imh0dHBzOlwvXC9hYmVzLWVzLm9yZy5iclwvZXZlbnRvXC93cC1qc29uXC93cFwvdjJcL3BhZ2VzXC81NyIsImVjaG8iOnRydWUsImV4Y2x1ZGVfZmllbGRzIjpbXSwidXBsb2FkZXIiOiJ3cCIsImZpbHRlcl9tb2RlIjpmYWxzZSwibGFiZWxfcGxhY2VtZW50IjoidG9wIiwiaW5zdHJ1Y3Rpb25fcGxhY2VtZW50IjoibGFiZWwiLCJob25leXBvdCI6dHJ1ZX0=\"><input type=\"hidden\" name=\"af_form_nonce\" value=\"a178605b4c\"><label for=\"af_email_for_non_humans_form_610385566f08e\" aria-hidden=\"true\">Email for non-humans<\/label><input type=\"text\" name=\"email_for_non_humans\" id=\"af_email_for_non_humans_form_610385566f08e\" tabindex=\"-1\" autocomplete=\"off\" \/><input type=\"hidden\" name=\"af_origin_url\" value=\"https:\/\/abes-es.org.br\/evento\/wp-json\/wp\/v2\/pages\/57\" \/><\/div><div class=\"af-field af-field-type-text af-field-nome acf-field acf-field-text acf-field-610385c0993ee\" data-name=\"nome\" data-key=\"field_610385c0993ee\" data-type=\"text\"><div class=\"af-label acf-label\"><label for=\"acf-field_610385c0993ee\">Nome<\/label><\/div><div class=\"af-input acf-input\"><div class=\"acf-input-wrap\"><input type=\"text\" id=\"acf-field_610385c0993ee\" name=\"acf[field_610385c0993ee]\"\/><\/div><\/div><\/div><div class=\"af-field af-field-type-email af-field-e-mail acf-field acf-field-email acf-field-610385c6993ef\" data-name=\"e-mail\" data-key=\"field_610385c6993ef\" data-type=\"email\"><div class=\"af-label acf-label\"><label for=\"acf-field_610385c6993ef\">E-mail<\/label><\/div><div class=\"af-input acf-input\"><div class=\"acf-input-wrap\"><input type=\"email\" id=\"acf-field_610385c6993ef\" name=\"acf[field_610385c6993ef]\"\/><\/div><\/div><\/div><div class=\"af-field af-field-type-text af-field-assunto acf-field acf-field-text acf-field-610385cf993f0\" data-name=\"assunto\" data-key=\"field_610385cf993f0\" data-type=\"text\"><div class=\"af-label acf-label\"><label for=\"acf-field_610385cf993f0\">Assunto<\/label><\/div><div class=\"af-input acf-input\"><div class=\"acf-input-wrap\"><input type=\"text\" id=\"acf-field_610385cf993f0\" name=\"acf[field_610385cf993f0]\"\/><\/div><\/div><\/div><div class=\"af-field af-field-type-textarea af-field-mensagem acf-field acf-field-textarea acf-field-610385d8993f2\" data-name=\"mensagem\" data-key=\"field_610385d8993f2\" data-type=\"textarea\"><div class=\"af-label acf-label\"><label for=\"acf-field_610385d8993f2\">Mensagem<\/label><\/div><div class=\"af-input acf-input\"><textarea id=\"acf-field_610385d8993f2\" name=\"acf[field_610385d8993f2]\" rows=\"8\"><\/textarea><\/div><\/div><div class=\"af-submit acf-form-submit\"><button type=\"submit\" class=\"acf-button af-submit-button\">Enviar<\/button><span class=\"acf-spinner af-spinner\"><\/span><\/div><\/div><\/form><\/div>\r\n<\/div>\r\n<div class=\"col f-33\">\r\n<div class=\"p-30\">\r\n<div class=\"texto-icone\"><i class=\"fa fa-envelope\"><\/i> <a href=\"mailto:eventos@abes-es.org.br\">eventos@abes-es.org.br<\/a><\/div>\r\n<div class=\"texto-icone\"><i class=\"fa fa-link\"><\/i> <a href=\"http:\/\/www.abes-es.org.br\">www.abes-es.org.br<\/a><\/div>\r\n<div class=\"texto-icone\"><i class=\"fa fa-map-marker\"><\/i> Vit\u00f3ria\/ES<\/div>\r\n<\/div>\r\n<\/div>\r\n<div class=\"col f-33\">\r\n<div class=\"p-30\">Associa\u00e7\u00e3o Brasileira de Engenharia Sanit\u00e1ria e Ambiental \u2013 ABES, se\u00e7\u00e3o ES<br>\r\nCNPJ 33.945.015\/0017-49<\/div>\r\n<\/div>\r\n<div class=\"col f-33\">\r\n<div class=\"p-30\">Contato exclusivo para notas fiscais, documenta\u00e7\u00f5es, cadastros e tr\u00e2mites financeiros:\r\n<a href=\"mailto:comercial@abes-es.org.br\">comercial@abes-es.org.br<\/a><\/div>\r\n<\/div>\r\n<\/div>","protected":false},"excerpt":{"rendered":"<p>eventos@abes-es.org.br www.abes-es.org.br Vit\u00f3ria\/ES Associa\u00e7\u00e3o Brasileira de Engenharia Sanit\u00e1ria e Ambiental \u2013 ABES, se\u00e7\u00e3o ES CNPJ 33.945.015\/0017-49 Contato exclusivo para notas fiscais, documenta\u00e7\u00f5es, cadastros e tr\u00e2mites financeiros: comercial@abes-es.org.br<\/p>\n","protected":false},"author":2,"featured_media":0,"parent":0,"menu_order":0,"comment_status":"closed","ping_status":"closed","template":"","meta":{"_acf_changed":false,"inline_featured_image":false,"footnotes":""},"class_list":["post-57","page","type-page","status-publish"],"acf":[],"_links":{"self":[{"href":"https:\/\/abes-es.org.br\/evento\/wp-json\/wp\/v2\/pages\/57","targetHints":{"allow":["GET"]}}],"collection":[{"href":"https:\/\/abes-es.org.br\/evento\/wp-json\/wp\/v2\/pages"}],"about":[{"href":"https:\/\/abes-es.org.br\/evento\/wp-json\/wp\/v2\/types\/page"}],"author":[{"embeddable":true,"href":"https:\/\/abes-es.org.br\/evento\/wp-json\/wp\/v2\/users\/2"}],"replies":[{"embeddable":true,"href":"https:\/\/abes-es.org.br\/evento\/wp-json\/wp\/v2\/comments?post=57"}],"version-history":[{"count":16,"href":"https:\/\/abes-es.org.br\/evento\/wp-json\/wp\/v2\/pages\/57\/revisions"}],"predecessor-version":[{"id":4148,"href":"https:\/\/abes-es.org.br\/evento\/wp-json\/wp\/v2\/pages\/57\/revisions\/4148"}],"wp:attachment":[{"href":"https:\/\/abes-es.org.br\/evento\/wp-json\/wp\/v2\/media?parent=57"}],"curies":[{"name":"wp","href":"https:\/\/api.w.org\/{rel}","templated":true}]}}