{"id":5,"date":"2017-05-07T19:21:13","date_gmt":"2017-05-07T22:21:13","guid":{"rendered":"http:\/\/abes-es.org.br\/eventos\/?page_id=5"},"modified":"2026-03-18T21:50:57","modified_gmt":"2026-03-19T00:50:57","slug":"evento-itegrado-cidades-inteligentes","status":"publish","type":"page","link":"https:\/\/abes-es.org.br\/evento\/","title":{"rendered":"XIV SESMA \u2013 Semin\u00e1rio Estadual de Saneamento e Meio Ambiente e 14\u00ba SBCMAC &#8211; Simp\u00f3sio Brasileiro de Capta\u00e7\u00e3o e Manejo de \u00c1gua de Chuva"},"content":{"rendered":"<section id=\"evento1i\" class=\"fw p-0 hide\" style=\"background: rgb(0,170,154);background: linear-gradient(117deg, rgba(0,170,154,1) 0%, rgba(28,30,155,1) 100%);\">\r\n  <div class=\"grid-container lin\">\r\n    <div class=\"col\">\r\n      <div><img class src=\"https:\/\/abes-es.org.br\/evento\/wp-content\/uploads\/2023\/08\/banner-logo-transp.png\" alt \/><\/div>\r\n    <\/div>\r\n  <\/div>\r\n<\/section>\r\n\r\n<section id=\"evento1\" class=\"fw\">\r\n  <div class=\"grid-container lin\">\r\n    <div class=\"col p-30\">\r\n      <div>\r\n        <div class=\"tac\"><img src=\"https:\/\/abes-es.org.br\/evento\/wp-content\/uploads\/2026\/03\/Simposio-reuso.jpg\" \/><\/div>\r\n        <h2 align=\"center\">1\u00ba Simposio de Re\u00faso e Dessaliniza\u00e7\u00e3o<\/h2>\r\n        <h3 align=\"center\"><strong>Tema: <\/strong>Seguran\u00e7a H\u00eddrica e Cidades Inteligentes<\/h3>\r\n        <details class=\"chave tac\">\r\n          <summary align=\"center\" class=\"botao azul\"><span>Detalhes do 1\u00ba Simposio de Re\u00faso e Dessaliniza\u00e7\u00e3o<\/span><\/summary>\r\n          <div class=\"conteudo tal\">\r\n            <p data-path-to-node=\"3\"><span dir=\"auto\" style=\"vertical-align: inherit;\"><span dir=\"auto\" style=\"vertical-align: inherit;\">A seguran\u00e7a h\u00eddrica se consolida como uma vari\u00e1vel estruturante do desenvolvimento econ\u00f4mico e da estabilidade urbana no s\u00e9culo XXI, exigindo que o Brasil reconfigure sua infraestrutura sob uma l\u00f3gica de gest\u00e3o de risco sist\u00eamico e diversifica\u00e7\u00e3o de fontes. Diante do crescimento urbano acelerado e da variabilidade clim\u00e1tica, o re\u00faso de \u00e1gua e a dessaliniza\u00e7\u00e3o deixam de ser alternativas poss\u00edveis para assumir um papel estrat\u00e9gico na composi\u00e7\u00e3o da matriz h\u00eddrica nacional. Nesse cen\u00e1rio, o <\/span><\/span><b data-path-to-node=\"3\" data-index-in-node=\"495\"><span dir=\"auto\" style=\"vertical-align: inherit;\"><span dir=\"auto\" style=\"vertical-align: inherit;\">SINRED<\/span><\/span><\/b><span dir=\"auto\" style=\"vertical-align: inherit;\"><span dir=\"auto\" style=\"vertical-align: inherit;\">, evento idealizado e estruturado t\u00e9cnico pela <\/span><\/span><b data-path-to-node=\"3\" data-index-in-node=\"553\"><span dir=\"auto\" style=\"vertical-align: inherit;\"><span dir=\"auto\" style=\"vertical-align: inherit;\">C\u00e2mara Tem\u00e1tica de Dessaliniza\u00e7\u00e3o e Re\u00faso da ABES<\/span><\/span><\/b><span dir=\"auto\" style=\"vertical-align: inherit;\"><span dir=\"auto\" style=\"vertical-align: inherit;\">, prop\u00f5e um debate in\u00e9dito que integra engenharia, economia, regula\u00e7\u00e3o e planejamento urbano. O evento busca deslocar a discuss\u00e3o de uma abordagem exclusivamente tecnol\u00f3gica para uma arquitetura integrada de infraestrutura, fundamentada em dados, governan\u00e7a regulat\u00f3ria e modelagem econ\u00f4mica.<\/span><\/span><\/p>\n<blockquote data-path-to-node=\"4\">\n<p data-path-to-node=\"4,0\"><b data-path-to-node=\"4,0\" data-index-in-node=\"0\"><span dir=\"auto\" style=\"vertical-align: inherit;\"><span dir=\"auto\" style=\"vertical-align: inherit;\">Objetivo:<\/span><\/span><\/b><span dir=\"auto\" style=\"vertical-align: inherit;\"><span dir=\"auto\" style=\"vertical-align: inherit;\"> Inserir o re\u00faso e a dessaliniza\u00e7\u00e3o no centro da agenda de cidades inteligentes, discutindo a matriz h\u00eddrica sob a \u00f3tica de risco sist\u00eamico, estruturando modelos contratuais financi\u00e1veis \u200b\u200be consolidando uma agenda executiva com potencial de implementa\u00e7\u00e3o regional.<\/span><\/span><\/p>\n<\/blockquote>\n<p data-path-to-node=\"5\"><span dir=\"auto\" style=\"vertical-align: inherit;\"><span dir=\"auto\" style=\"vertical-align: inherit;\">Para viabilizar essa vis\u00e3o, o simp\u00f3sio \u00e9 organizado em dois grandes eixos: o primeiro focado em estrat\u00e9gia e aloca\u00e7\u00e3o de capital, onde ser\u00e3o destru\u00eddos o custo marginal da oferta incremental e a bancabilidade dos projetos; e a segunda parceria com governan\u00e7a e engenharia aplicada, abordando desde o licenciamento ambiental at\u00e9 o uso de duplas digitais. Ao conectar governo, operadores, ind\u00fastria e investidores sob a curaria da <\/span><\/span><strong><span style=\"font-size: inherit;\"><span dir=\"auto\" style=\"vertical-align: inherit;\"><span dir=\"auto\" style=\"vertical-align: inherit;\">C\u00e2mara Tem\u00e1tica de Dessaliniza\u00e7\u00e3o e Re\u00faso da ABES<\/span><\/span><\/span><\/strong><span dir=\"auto\" style=\"vertical-align: inherit;\"><span dir=\"auto\" style=\"vertical-align: inherit;\">, o SINRED estabelece uma jornada l\u00f3gica que vai fazer o diagn\u00f3stico do risco \u00e0 efici\u00eancia operacional, contribuindo para uma infraestrutura resiliente nas pr\u00f3ximas d\u00e9cadas.<\/span><\/span><\/p>\n\r\n            <div class=\"azul p-30\">\r\n              <p><strong><span dir=\"auto\" style=\"vertical-align: inherit;\"><span dir=\"auto\" style=\"vertical-align: inherit;\">Detalhes do Evento: <\/span><\/span><span style=\"font-size: inherit;\"><span dir=\"auto\" style=\"vertical-align: inherit;\"><span dir=\"auto\" style=\"vertical-align: inherit;\">\u00a0O SINRED faz parte do evento integrado \u00c1guas Inteligentes 2026.<\/span><\/span><\/span><\/strong><\/p>\n<p><strong><span dir=\"auto\" style=\"vertical-align: inherit;\"><span dir=\"auto\" style=\"vertical-align: inherit;\">Realiza\u00e7\u00e3o SINRED: <\/span><\/span><br \/>\n<\/strong><span style=\"font-size: inherit;\"><span dir=\"auto\" style=\"vertical-align: inherit;\"><span dir=\"auto\" style=\"vertical-align: inherit;\">C\u00e2mara Tem\u00e1tica de Dessaliniza\u00e7\u00e3o e Re\u00faso da ABES; <\/span><\/span><br \/>\n<\/span><span style=\"font-size: inherit;\"><span dir=\"auto\" style=\"vertical-align: inherit;\"><span dir=\"auto\" style=\"vertical-align: inherit;\">ABES-ES (Associa\u00e7\u00e3o Brasileira de Engenharia Sanit\u00e1ria e Ambiental \u2013 Se\u00e7\u00e3o Esp\u00edrito Santo);<\/span><\/span><\/span><\/p>\n<p><strong><span dir=\"auto\" style=\"vertical-align: inherit;\"><span dir=\"auto\" style=\"vertical-align: inherit;\">Data:<\/span><\/span><\/strong><span dir=\"auto\" style=\"vertical-align: inherit;\"><span dir=\"auto\" style=\"vertical-align: inherit;\"> 24 e 25 de agosto de 2026 <\/span><\/span><br \/>\n<span style=\"font-size: inherit;\"><strong><span dir=\"auto\" style=\"vertical-align: inherit;\"><span dir=\"auto\" style=\"vertical-align: inherit;\">Local:<\/span><\/span><\/strong><span dir=\"auto\" style=\"vertical-align: inherit;\"><span dir=\"auto\" style=\"vertical-align: inherit;\"> Vit\u00f3ria, Esp\u00edrito Santo &#8211; ES<\/span><\/span><\/span><\/p>\n<p><strong><span dir=\"auto\" style=\"vertical-align: inherit;\"><span dir=\"auto\" style=\"vertical-align: inherit;\">Experi\u00eancia integrada: acesso unificado aos tr\u00eas eventos com inscri\u00e7\u00e3o \u00fanica<\/span><\/span><\/strong><\/p>\n<p>&nbsp;<\/p>\n\r\n            <\/div>\r\n          <\/div>\r\n          <div class=\"linha-botao\">\r\n            <a class=\"botao m-0 mt-30\" href=\"https:\/\/abes-es.org.br\/evento\/wp-json\/wp\/v2\/pages\/5\/inscricoes\">Fa\u00e7a sua inscri\u00e7\u00e3o<\/a>\r\n          <\/div>\r\n        <\/details>\r\n      <\/div>\r\n    <\/div>\r\n  <\/div>\r\n<\/section>\r\n\r\n<section id=\"evento1\" class=\"fw\">\r\n  <div class=\"grid-container lin\">\r\n    <div class=\"col p-30\">\r\n      <div>\r\n        <div class=\"tac\"><img src=\"https:\/\/abes-es.org.br\/evento\/wp-content\/uploads\/2026\/03\/SESMA.jpg\" \/><\/div>\r\n        <h2 align=\"center\">XIV SESMA \u2013 Semin\u00e1rio Estadual de Saneamento e Meio Ambiente<\/h2>\r\n        <h3 align=\"center\"><strong>Tema: <\/strong>Saneamento, Clima e Cidades Inteligentes: desafios para a universaliza\u00e7\u00e3o<\/h3>\r\n        <details class=\"chave tac\">\r\n          <summary align=\"center\" class=\"botao azul\"><span>Detalhes do XIV SESMA \u2013 Semin\u00e1rio Estadual de Saneamento e Meio Ambiente<\/span><\/summary>\r\n          <div class=\"conteudo tal\">\r\n            <p data-path-to-node=\"5\">O setor de saneamento enfrenta um momento decisivo, onde a busca pela universaliza\u00e7\u00e3o deve convergir com as urg\u00eancias da transi\u00e7\u00e3o clim\u00e1tica e as oportunidades das cidades inteligentes. O <b data-path-to-node=\"5\" data-index-in-node=\"188\">XIV SESMA \u2013 Semin\u00e1rio Estadual de Saneamento e Meio Ambiente<\/b>, realizado pela <b data-path-to-node=\"5\" data-index-in-node=\"265\">ABES-ES<\/b> (Associa\u00e7\u00e3o Brasileira de Engenharia Sanit\u00e1ria e Ambiental \u2013 Se\u00e7\u00e3o Esp\u00edrito Santo), prop\u00f5e uma imers\u00e3o t\u00e9cnica e estrat\u00e9gica sobre como integrar o planejamento urbano, a infraestrutura verde e as solu\u00e7\u00f5es digitais para garantir a sustentabilidade dos sistemas. Atrav\u00e9s de um debate que conecta inova\u00e7\u00e3o, descarboniza\u00e7\u00e3o e log\u00edstica reversa, o evento aborda o saneamento n\u00e3o apenas como um servi\u00e7o b\u00e1sico, mas como um pilar de resili\u00eancia e desenvolvimento econ\u00f4mico.<\/p>\n<blockquote data-path-to-node=\"6\">\n<p data-path-to-node=\"6,0\"><b data-path-to-node=\"6,0\" data-index-in-node=\"0\">Objetivo:<\/b> Discutir estrat\u00e9gias para a universaliza\u00e7\u00e3o do saneamento sob a \u00f3tica da resili\u00eancia clim\u00e1tica e da governan\u00e7a, integrando inova\u00e7\u00f5es tecnol\u00f3gicas e modelos de financiamento que viabilizem cidades mais inteligentes, inclusivas e sustent\u00e1veis.<\/p>\n<\/blockquote>\n<p data-path-to-node=\"7\">A estrutura do semin\u00e1rio percorre temas fundamentais para o futuro do setor, desde a economia circular e a valoriza\u00e7\u00e3o de res\u00edduos at\u00e9 a descarboniza\u00e7\u00e3o das opera\u00e7\u00f5es atrav\u00e9s de energias renov\u00e1veis e tecnologias limpas. Ser\u00e3o debatidos os desafios da seguran\u00e7a h\u00eddrica frente \u00e0s mudan\u00e7as clim\u00e1ticas e a import\u00e2ncia de uma governan\u00e7a s\u00f3lida para garantir o acesso universal aos servi\u00e7os de saneamento. Ao reunir especialistas da academia, \u00f3rg\u00e3os reguladores e do mercado, o SESMA consolida uma vis\u00e3o sist\u00eamica que transforma os desafios socioambientais em oportunidades de inova\u00e7\u00e3o e atra\u00e7\u00e3o de investimentos para o Esp\u00edrito Santo.<\/p>\n\r\n            <div class=\"azul p-30\">\r\n              <p><strong><span style=\"font-size: inherit;\">Detalhes do Evento:\u00a0 O XIV SESMA faz parte do evento integrado \u00c1guas Inteligentes 2026<\/span><\/strong><\/p>\n<p><strong>Realiza\u00e7\u00e3o:<\/strong> ABES-ES (Associa\u00e7\u00e3o Brasileira de Engenharia Sanit\u00e1ria e Ambiental \u2013 Se\u00e7\u00e3o Esp\u00edrito Santo)<\/p>\n<p><strong>Data:<\/strong> 25 e 26 de agosto de 2026<br \/>\n<strong style=\"font-size: inherit;\">Local:<\/strong><span style=\"font-size: inherit;\"> Vit\u00f3ria, Esp\u00edrito Santo (ES)<\/span><\/p>\n<p><strong>Experi\u00eancia integrada: acesso unificado aos tr\u00eas eventos com inscri\u00e7\u00e3o \u00fanica<\/strong><\/p>\n\r\n            <\/div>\r\n          <\/div>\r\n          <div class=\"linha-botao\">\r\n            <a class=\"botao m-0 mt-30\" href=\"https:\/\/abes-es.org.br\/evento\/wp-json\/wp\/v2\/pages\/5\/inscricoes\">Fa\u00e7a sua inscri\u00e7\u00e3o<\/a>\r\n          <\/div>\r\n        <\/details>\r\n      <\/div>\r\n    <\/div>\r\n  <\/div>\r\n<\/section>\r\n\r\n<section id=\"evento1\" class=\"fw\">\r\n  <div class=\"grid-container lin\">\r\n    <div class=\"col p-30\">\r\n      <div>\r\n        <div class=\"tac\"><img src=\"https:\/\/abes-es.org.br\/evento\/wp-content\/uploads\/2026\/03\/Agua-de-chuva.jpg\" \/><\/div>\r\n        <h2 align=\"center\">14\u00ba Simp\u00f3sio Brasileiro de Capta\u00e7\u00e3o e Manejo de \u00c1gua de Chuva<\/h2>\r\n        <h3 align=\"center\"><strong>Tema: <\/strong>\u00c1gua da Chuva e Mudan\u00e7as Clim\u00e1ticas: Desafios Para as Cidades inteligentes<\/h3>\r\n        <details class=\"chave tac\">\r\n          <summary align=\"center\" class=\"botao azul\"><span>Detalhes do 14\u00ba Simp\u00f3sio Brasileiro de Capta\u00e7\u00e3o e Manejo de \u00c1gua de Chuva<\/span><\/summary>\r\n          <div class=\"conteudo tal\">\r\n            <p data-path-to-node=\"4\">Diante do cen\u00e1rio de mudan\u00e7as clim\u00e1ticas e da crescente press\u00e3o sobre os recursos h\u00eddricos, o manejo adequado das \u00e1guas pluviais torna-se uma pe\u00e7a-chave para a sobreviv\u00eancia e efici\u00eancia das metr\u00f3poles. O <b data-path-to-node=\"4\" data-index-in-node=\"205\">14\u00ba ABCMAC<\/b>, realizado em conjunto pela <b data-path-to-node=\"4\" data-index-in-node=\"244\">Associa\u00e7\u00e3o Brasileira de Capta\u00e7\u00e3o e Manejo de \u00c1gua de Chuva (ABCMAC)<\/b> e pela <b data-path-to-node=\"4\" data-index-in-node=\"320\">ABES-ES<\/b>, prop\u00f5e um debate profundo sobre como o aproveitamento da \u00e1gua da chuva pode ser integrado ao conceito de cidades inteligentes. O evento explora a transi\u00e7\u00e3o de uma vis\u00e3o puramente drenante para uma abordagem de valoriza\u00e7\u00e3o desse recurso, fundamental para o desenvolvimento urbano sustent\u00e1vel e para a mitiga\u00e7\u00e3o de eventos clim\u00e1ticos extremos.<\/p>\n<blockquote data-path-to-node=\"5\">\n<p data-path-to-node=\"5,0\"><b data-path-to-node=\"5,0\" data-index-in-node=\"0\"><span dir=\"auto\" style=\"vertical-align: inherit;\"><span dir=\"auto\" style=\"vertical-align: inherit;\">Objetivo:<\/span><\/span><\/b><span dir=\"auto\" style=\"vertical-align: inherit;\"><span dir=\"auto\" style=\"vertical-align: inherit;\"> Debater a potencialidade e o aproveitamento da \u00e1gua da chuva no contexto das cidades inteligentes, abordando os desafios impostos pelas mudan\u00e7as clim\u00e1ticas e propondo avan\u00e7os em normatiza\u00e7\u00e3o, regula\u00e7\u00e3o e tecnologias de manejo.<\/span><\/span><\/p>\n<\/blockquote>\n<p data-path-to-node=\"6\"><span dir=\"auto\" style=\"vertical-align: inherit;\"><span dir=\"auto\" style=\"vertical-align: inherit;\">A programa\u00e7\u00e3o do simp\u00f3sio foi estruturada para envolver desde o setor acad\u00eamico at\u00e9 o poder p\u00fablico e a ind\u00fastria, focando nos benef\u00edcios econ\u00f4micos e sociais da capta\u00e7\u00e3o de \u00e1gua de chuva. Ser\u00e3o discutidas experi\u00eancias nacionais e internacionais, aspectos sanit\u00e1rios de potabiliza\u00e7\u00e3o e a revis\u00e3o de normas t\u00e9cnicas que permitem o desbloqueio institucional desse uso no Brasil. Ao integrar vis\u00f5es t\u00e9cnicas e pol\u00edticas p\u00fablicas de combate \u00e0 seca e planejamento urbano, o 14\u00ba ABCMAC consolida o manejo da \u00e1gua da chuva como um pilar essencial da infraestrutura h\u00eddrica moderna e resiliente.<\/span><\/span><\/p>\n\r\n            <div class=\"azul p-30\">\r\n              <p><strong><span style=\"font-size: inherit;\"><span dir=\"auto\" style=\"vertical-align: inherit;\"><span dir=\"auto\" style=\"vertical-align: inherit;\">Detalhes do Evento: O 14\u00ba ABCMAC faz parte do evento integrado \u00c1guas Inteligentes 2026<\/span><\/span><\/span><\/strong><\/p>\n<p><strong><span dir=\"auto\" style=\"vertical-align: inherit;\"><span dir=\"auto\" style=\"vertical-align: inherit;\">Realiza\u00e7\u00e3o:<\/span><\/span><\/strong><span dir=\"auto\" style=\"vertical-align: inherit;\"><span dir=\"auto\" style=\"vertical-align: inherit;\"> ABCMAC (Associa\u00e7\u00e3o Brasileira de Capta\u00e7\u00e3o e Manejo de \u00c1gua de Chuva) e ABES-ES (Associa\u00e7\u00e3o Brasileira de Engenharia Sanit\u00e1ria e Ambiental \u2013 Se\u00e7\u00e3o Esp\u00edrito Santo)<\/span><\/span><\/p>\n<p><strong><span dir=\"auto\" style=\"vertical-align: inherit;\"><span dir=\"auto\" style=\"vertical-align: inherit;\">Data:<\/span><\/span><\/strong><span dir=\"auto\" style=\"vertical-align: inherit;\"><span dir=\"auto\" style=\"vertical-align: inherit;\"> 27 a 28 de agosto de 2026 <\/span><\/span><br \/>\n<span style=\"font-size: inherit;\"><strong><span dir=\"auto\" style=\"vertical-align: inherit;\"><span dir=\"auto\" style=\"vertical-align: inherit;\">Local:<\/span><\/span><\/strong><span dir=\"auto\" style=\"vertical-align: inherit;\"><span dir=\"auto\" style=\"vertical-align: inherit;\"> Vit\u00f3ria, Esp\u00edrito Santo (ES)<\/span><\/span><\/span><\/p>\n<p><strong><span dir=\"auto\" style=\"vertical-align: inherit;\"><span dir=\"auto\" style=\"vertical-align: inherit;\">Experi\u00eancia integrada: acesso unificado aos tr\u00eas eventos com inscri\u00e7\u00e3o \u00fanica<\/span><\/span><\/strong><\/p>\n\r\n            <\/div>\r\n          <\/div>\r\n          <div class=\"linha-botao\">\r\n            <a class=\"botao m-0 mt-30\" href=\"https:\/\/abes-es.org.br\/evento\/wp-json\/wp\/v2\/pages\/5\/inscricoes\">Fa\u00e7a sua inscri\u00e7\u00e3o<\/a>\r\n          <\/div>\r\n        <\/details>\r\n      <\/div>\r\n    <\/div>\r\n  <\/div>\r\n<\/section>\r\n\r\n<section id=\"inscricao\" class=\"fw hide\">\r\n  <div class=\"lin\">\r\n    <div class=\"him\"><a href=\"https:\/\/abes-es.org.br\/evento\/wp-json\/wp\/v2\/pages\/5\"><img src=\"https:\/\/abes-es.org.br\/evento\/\" \/><\/a><\/div>\r\n    <div class=\"hid\"><a href=\"https:\/\/abes-es.org.br\/evento\/wp-json\/wp\/v2\/pages\/5\"><img src=\"https:\/\/abes-es.org.br\/evento\/\" \/><\/a><\/div>\r\n  <\/div>\r\n<\/section>\r\n<section id=\"conheca-vitoria\" class=\"fw\">\r\n  <div class=\"lin\">\r\n    <div class=\"col f-100\">\r\n      <div class=\"imagem\">\r\n        <div class=\"titulo f-center\">Conhe\u00e7a Vit\u00f3ria\u2013ES<\/div>\r\n        <img class=\"alignnone size-full wp-image-1574\" src=\"https:\/\/abes-es.org.br\/evento\/wp-content\/uploads\/2017\/05\/vitoria.jpeg\" alt width=\"1170\" height=\"400\" \/>\r\n      <\/div>\r\n    <\/div>\r\n  <\/div>\r\n<\/section>\r\n<section id=\"participaram\" class=\"fw\">\r\n  <div class=\"lin grid-container\">\r\n    <div class=\"titulo\">\r\n      <h2><a href=\"https:\/\/abes-es.org.br\/evento\/palestrantes\">Convidados confirmados<\/a><\/h2>\r\n    <\/div>\r\n    <div class=\"carrossel\">\r\n      \r\n        \r\n          \r\n            <div class=\"slide p-10\">\r\n              <div class=\"col\">\r\n                <div class=\"imagem\"><img src=\"https:\/\/abes-es.org.br\/evento\/wp-content\/uploads\/2017\/07\/editad.jpg\" \/><\/div>\r\n                <div class=\"nome\">Prof.  Ricardo Franci Gon\u00e7alves<\/div>\r\n              <\/div>\r\n            <\/div>\r\n          \r\n        \r\n          \r\n        \r\n          \r\n        \r\n          \r\n            <div class=\"slide p-10\">\r\n              <div class=\"col\">\r\n                <div class=\"imagem\"><img src=\"https:\/\/abes-es.org.br\/evento\/wp-content\/uploads\/2023\/08\/foto-Aureliano-Costa-e1691173157808.jpg\" \/><\/div>\r\n                <div class=\"nome\">Eng. Aureliano Nogueira da Costa<\/div>\r\n              <\/div>\r\n            <\/div>\r\n          \r\n        \r\n          \r\n        \r\n          \r\n            <div class=\"slide p-10\">\r\n              <div class=\"col\">\r\n                <div class=\"imagem\"><img src=\"https:\/\/abes-es.org.br\/evento\/wp-content\/uploads\/2025\/12\/Maria-helena-scaled-e1764793446805.jpg\" \/><\/div>\r\n                <div class=\"nome\">Enga. Maria Helena Alves<\/div>\r\n              <\/div>\r\n            <\/div>\r\n          \r\n        \r\n          \r\n        \r\n          \r\n        \r\n          \r\n            <div class=\"slide p-10\">\r\n              <div class=\"col\">\r\n                <div class=\"imagem\"><img src=\"https:\/\/abes-es.org.br\/evento\/wp-content\/uploads\/2025\/12\/Marcinha-scaled-e1764803554825.jpg\" \/><\/div>\r\n                <div class=\"nome\">Enga. M\u00e1rcia Maria P. Alves de Azevedo<\/div>\r\n              <\/div>\r\n            <\/div>\r\n          \r\n        \r\n          \r\n        \r\n          \r\n        \r\n          \r\n            <div class=\"slide p-10\">\r\n              <div class=\"col\">\r\n                <div class=\"imagem\"><img src=\"https:\/\/abes-es.org.br\/evento\/wp-content\/uploads\/2025\/12\/Lorena-scaled-e1764703974418.jpg\" \/><\/div>\r\n                <div class=\"nome\">Enga. Lorena Olinda<\/div>\r\n              <\/div>\r\n            <\/div>\r\n          \r\n        \r\n          \r\n        \r\n          \r\n            <div class=\"slide p-10\">\r\n              <div class=\"col\">\r\n                <div class=\"imagem\"><img src=\"https:\/\/abes-es.org.br\/evento\/wp-content\/uploads\/2025\/12\/Ludmila-scaled-e1764702489192.jpg\" \/><\/div>\r\n                <div class=\"nome\">Enga. Ludmila Esteves de Oliveira Costalonga<\/div>\r\n              <\/div>\r\n            <\/div>\r\n          \r\n        \r\n          \r\n            <div class=\"slide p-10\">\r\n              <div class=\"col\">\r\n                <div class=\"imagem\"><img src=\"https:\/\/abes-es.org.br\/evento\/wp-content\/uploads\/2025\/12\/Dienifer-scaled-e1764702234793.jpg\" \/><\/div>\r\n                <div class=\"nome\">Enga. Di\u00eanifer Calegari Leopoldino<\/div>\r\n              <\/div>\r\n            <\/div>\r\n          \r\n        \r\n          \r\n            <div class=\"slide p-10\">\r\n              <div class=\"col\">\r\n                <div class=\"imagem\"><img src=\"https:\/\/abes-es.org.br\/evento\/wp-content\/uploads\/2025\/12\/Fatima-Lima.jpg\" \/><\/div>\r\n                <div class=\"nome\">Enga. Maria de F\u00e1tima de Lima<\/div>\r\n              <\/div>\r\n            <\/div>\r\n          \r\n        \r\n          \r\n            <div class=\"slide p-10\">\r\n              <div class=\"col\">\r\n                <div class=\"imagem\"><img src=\"https:\/\/abes-es.org.br\/evento\/wp-content\/uploads\/2025\/12\/SELMA-OK.jpeg\" \/><\/div>\r\n                <div class=\"nome\">Enga. Selma Clara de Lima<\/div>\r\n              <\/div>\r\n            <\/div>\r\n          \r\n        \r\n          \r\n            <div class=\"slide p-10\">\r\n              <div class=\"col\">\r\n                <div class=\"imagem\"><img src=\"https:\/\/abes-es.org.br\/evento\/wp-content\/uploads\/2025\/12\/cleverson-Andreoli.png\" \/><\/div>\r\n                <div class=\"nome\">Eng. Cleverson Vit\u00f3rio Andreoli<\/div>\r\n              <\/div>\r\n            <\/div>\r\n          \r\n        \r\n          \r\n            <div class=\"slide p-10\">\r\n              <div class=\"col\">\r\n                <div class=\"imagem\"><img src=\"https:\/\/abes-es.org.br\/evento\/wp-content\/uploads\/2025\/12\/Ricardo-Galvao-Amancio-Cruz-GS-Inima-e1766432604169.jpeg\" \/><\/div>\r\n                <div class=\"nome\">Eng. Ricardo Galv\u00e3o<\/div>\r\n              <\/div>\r\n            <\/div>\r\n          \r\n        \r\n          \r\n            <div class=\"slide p-10\">\r\n              <div class=\"col\">\r\n                <div class=\"imagem\"><img src=\"https:\/\/abes-es.org.br\/evento\/wp-content\/uploads\/2026\/01\/Fernanda-Furtado.jpg\" \/><\/div>\r\n                <div class=\"nome\">Fernanda Furtado <\/div>\r\n              <\/div>\r\n            <\/div>\r\n          \r\n        \r\n          \r\n            <div class=\"slide p-10\">\r\n              <div class=\"col\">\r\n                <div class=\"imagem\"><img src=\"https:\/\/abes-es.org.br\/evento\/wp-content\/uploads\/2026\/03\/Karine.jpg\" \/><\/div>\r\n                <div class=\"nome\">Karina Alencar<\/div>\r\n              <\/div>\r\n            <\/div>\r\n          \r\n        \r\n      \r\n    <\/div>\r\n    <div class=\"linha-botao\">\r\n      <div class=\"botao\"><a href=\"https:\/\/abes-es.org.br\/evento\/palestrantes\">saiba mais clicando aqui<\/a><\/div>\r\n    <\/div>\r\n  <\/div>\r\n<\/section>","protected":false},"excerpt":{"rendered":"","protected":false},"author":2,"featured_media":0,"parent":0,"menu_order":0,"comment_status":"closed","ping_status":"closed","template":"","meta":{"_acf_changed":false,"inline_featured_image":false,"footnotes":""},"class_list":["post-5","page","type-page","status-publish"],"acf":[],"_links":{"self":[{"href":"https:\/\/abes-es.org.br\/evento\/wp-json\/wp\/v2\/pages\/5","targetHints":{"allow":["GET"]}}],"collection":[{"href":"https:\/\/abes-es.org.br\/evento\/wp-json\/wp\/v2\/pages"}],"about":[{"href":"https:\/\/abes-es.org.br\/evento\/wp-json\/wp\/v2\/types\/page"}],"author":[{"embeddable":true,"href":"https:\/\/abes-es.org.br\/evento\/wp-json\/wp\/v2\/users\/2"}],"replies":[{"embeddable":true,"href":"https:\/\/abes-es.org.br\/evento\/wp-json\/wp\/v2\/comments?post=5"}],"version-history":[{"count":162,"href":"https:\/\/abes-es.org.br\/evento\/wp-json\/wp\/v2\/pages\/5\/revisions"}],"predecessor-version":[{"id":3964,"href":"https:\/\/abes-es.org.br\/evento\/wp-json\/wp\/v2\/pages\/5\/revisions\/3964"}],"wp:attachment":[{"href":"https:\/\/abes-es.org.br\/evento\/wp-json\/wp\/v2\/media?parent=5"}],"curies":[{"name":"wp","href":"https:\/\/api.w.org\/{rel}","templated":true}]}}