{"id":1523,"date":"2021-06-15T02:00:05","date_gmt":"2021-06-15T05:00:05","guid":{"rendered":"http:\/\/abes-es.org.br\/evento\/?page_id=1523"},"modified":"2025-12-05T10:33:15","modified_gmt":"2025-12-05T13:33:15","slug":"inscricao-de-trabalhos-tecnicos","status":"publish","type":"page","link":"https:\/\/abes-es.org.br\/evento\/inscricao-de-trabalhos-tecnicos\/","title":{"rendered":"Inscri\u00e7\u00e3o de trabalhos t\u00e9cnicos"},"content":{"rendered":"<ol>\r\n \t<li>A <strong>submiss\u00e3o<\/strong> dos trabalhos t\u00e9cnicos ser\u00e1 feita at\u00e9 \u00e0s 23h30 do dia <strong>27\u00a0de MAIO de 2026<\/strong> mediante o envio do\u00a0trabalho\u00a0completo e da ficha de inscri\u00e7\u00e3o para o e-mail <a href=\"mailto:trabalhostecnicos@abes-es.org.br\">trabalhostecnicos@abes-es.org.br<\/a><\/li>\r\n \t<li>A Ficha de inscri\u00e7\u00e3o deve conter:<\/li>\r\n<\/ol>\r\n<ul>\r\n \t<li>T\u00edtulo do\u00a0trabalho<\/li>\r\n \t<li>Tema e subtema<\/li>\r\n \t<li>Palavras-chave<\/li>\r\n \t<li>Incluir autores\u00a0(nome completo, cpf, e-mail e telefone)<\/li>\r\n<\/ul>\r\n<ol>\r\n \t<li>Autores n\u00e3o brasileiros dever\u00e3o preencher somente os campos \u201cnome completo\u201d e \u201cendere\u00e7o de e-mail\u201d.<\/li>\r\n \t<li>N\u00e3o ser\u00e3o aceitas inclus\u00f5es e\/ou exclus\u00f5es de autores, assim como altera\u00e7\u00f5es no t\u00edtulo do\u00a0trabalho\u00a0ap\u00f3s o envio do trabalho final.<\/li>\r\n \t<li>Qualquer d\u00favida em rela\u00e7\u00e3o ao envio do\u00a0trabalho,\u00a0entrar em contato com a Comiss\u00e3o Cient\u00edfica pelo e-mail: <a href=\"mailto:trabalhostecnicos@abes-es.org.br\"><strong>trabalhostecnicos@abes-es.org.br<\/strong><\/a>.<\/li>\r\n<\/ol>\r\n<strong>Poss\u00edvel d\u00favida: <\/strong>Quando do envio do trabalho final ap\u00f3s aprova\u00e7\u00e3o e coment\u00e1rios ele n\u00e3o pode alterar???\r\n<strong>N\u00e3o! <\/strong>Ele n\u00e3o poder\u00e1 ser alterado!","protected":false},"excerpt":{"rendered":"","protected":false},"author":2,"featured_media":0,"parent":0,"menu_order":0,"comment_status":"closed","ping_status":"closed","template":"","meta":{"_acf_changed":false,"inline_featured_image":false,"footnotes":""},"class_list":["post-1523","page","type-page","status-publish"],"acf":[],"_links":{"self":[{"href":"https:\/\/abes-es.org.br\/evento\/wp-json\/wp\/v2\/pages\/1523","targetHints":{"allow":["GET"]}}],"collection":[{"href":"https:\/\/abes-es.org.br\/evento\/wp-json\/wp\/v2\/pages"}],"about":[{"href":"https:\/\/abes-es.org.br\/evento\/wp-json\/wp\/v2\/types\/page"}],"author":[{"embeddable":true,"href":"https:\/\/abes-es.org.br\/evento\/wp-json\/wp\/v2\/users\/2"}],"replies":[{"embeddable":true,"href":"https:\/\/abes-es.org.br\/evento\/wp-json\/wp\/v2\/comments?post=1523"}],"version-history":[{"count":10,"href":"https:\/\/abes-es.org.br\/evento\/wp-json\/wp\/v2\/pages\/1523\/revisions"}],"predecessor-version":[{"id":3949,"href":"https:\/\/abes-es.org.br\/evento\/wp-json\/wp\/v2\/pages\/1523\/revisions\/3949"}],"wp:attachment":[{"href":"https:\/\/abes-es.org.br\/evento\/wp-json\/wp\/v2\/media?parent=1523"}],"curies":[{"name":"wp","href":"https:\/\/api.w.org\/{rel}","templated":true}]}}

Inscrição de trabalhos técnicos

<ol>
 	<li>A <strong>submissão</strong> dos trabalhos técnicos será feita até às 23h30 do dia <strong>27 de MAIO de 2026</strong> mediante o envio do trabalho completo e da ficha de inscrição para o e-mail <a href="mailto:trabalhostecnicos@abes-es.org.br">trabalhostecnicos@abes-es.org.br</a></li>
 	<li>A Ficha de inscrição deve conter:</li>
</ol>
<ul>
 	<li>Título do trabalho</li>
 	<li>Tema e subtema</li>
 	<li>Palavras-chave</li>
 	<li>Incluir autores (nome completo, cpf, e-mail e telefone)</li>
</ul>
<ol>
 	<li>Autores não brasileiros deverão preencher somente os campos “nome completo” e “endereço de e-mail”.</li>
 	<li>Não serão aceitas inclusões e/ou exclusões de autores, assim como alterações no título do trabalho após o envio do trabalho final.</li>
 	<li>Qualquer dúvida em relação ao envio do trabalho, entrar em contato com a Comissão Científica pelo e-mail: <a href="mailto:trabalhostecnicos@abes-es.org.br"><strong>trabalhostecnicos@abes-es.org.br</strong></a>.</li>
</ol>
<strong>Possível dúvida: </strong>Quando do envio do trabalho final após aprovação e comentários ele não pode alterar???
<strong>Não! </strong>Ele não poderá ser alterado!
