{"id":11,"date":"2017-05-07T19:24:08","date_gmt":"2017-05-07T22:24:08","guid":{"rendered":"http:\/\/abes-es.org.br\/eventos\/?page_id=11"},"modified":"2026-03-23T15:32:22","modified_gmt":"2026-03-23T18:32:22","slug":"informacoes-para-o-envio-do-trabalho-completo","status":"publish","type":"page","link":"https:\/\/abes-es.org.br\/evento\/informacoes-para-o-envio-do-trabalho-completo\/","title":{"rendered":"Informa\u00e7\u00f5es para o envio do trabalho completo"},"content":{"rendered":"<div class=\"entry-content\">\r\n<h3>As informa\u00e7\u00f5es abaixo s\u00e3o v\u00e1lidas para o envio trabalho completo ORAL<\/h3>\r\n<div>\r\n\r\nO trabalho completo que ser\u00e1 encaminhado \u00e0 ABES dever\u00e1 obrigatoriamente ter no m\u00e1ximo 8 p\u00e1ginas, estar no formato Word 97 ou superior, n\u00e3o poder\u00e1 ultrapassar 3 MB e n\u00e3o poder\u00e1 estar compactado.\r\n\r\nN\u00e3o ser\u00e1 aceito o trabalho que n\u00e3o atender a estas especifica\u00e7\u00f5es.\r\n\r\nPara gravar seu trabalho, o nome do arquivo final deve ser iniciado com o n\u00famero do tem\u00e1rio em algarismos romanos (por exemplo, se o trabalho \u00e9 sobre res\u00edduos s\u00f3lidos ele come\u00e7ar\u00e1 com\u00a0 III)\u00a0 seguido das duas primeiras palavras do t\u00edtulo do trabalho (por exemplo,\u00a0EXEMPLO).\r\n\r\nOs trabalhos ser\u00e3o enviados unicamente para o e-mail <a href=\"mailto:trabalhostecnicos@abes-es.org.br\"><strong>trabalhostecnicos@abes-es.org.br<\/strong><\/a>\u00a0sendo enviado de volta para o autor a confirma\u00e7\u00e3o de recebimento do trabalho,\u00a0 tamb\u00e9m via e-mail.\r\n\r\nCaso n\u00e3o receba a confirma\u00e7\u00e3o em dois dias \u00fateis, entrar em contato com o e-mail <a href=\"mailto:trabalhostecnicos@abes-es.org.br\"><strong>trabalhostecnicos@abes-es.org.br<\/strong><\/a>\r\n\r\n<\/div>\r\n<\/div>","protected":false},"excerpt":{"rendered":"<p>As informa\u00e7\u00f5es abaixo s\u00e3o v\u00e1lidas para o envio trabalho completo ORAL O trabalho completo que ser\u00e1 encaminhado \u00e0 ABES dever\u00e1 obrigatoriamente ter no m\u00e1ximo 8 p\u00e1ginas, estar no formato Word 97 ou superior, n\u00e3o poder\u00e1 ultrapassar 3 MB e n\u00e3o poder\u00e1 estar compactado. N\u00e3o ser\u00e1 aceito o trabalho que n\u00e3o atender a estas especifica\u00e7\u00f5es. Para &#8230; <a title=\"Informa\u00e7\u00f5es para o envio do trabalho completo\" class=\"read-more\" href=\"https:\/\/abes-es.org.br\/evento\/informacoes-para-o-envio-do-trabalho-completo\/\" aria-label=\"More on Informa\u00e7\u00f5es para o envio do trabalho completo\">Leia mais<\/a><\/p>\n","protected":false},"author":2,"featured_media":0,"parent":0,"menu_order":0,"comment_status":"closed","ping_status":"closed","template":"","meta":{"_acf_changed":false,"inline_featured_image":false,"footnotes":""},"class_list":["post-11","page","type-page","status-publish"],"acf":[],"_links":{"self":[{"href":"https:\/\/abes-es.org.br\/evento\/wp-json\/wp\/v2\/pages\/11","targetHints":{"allow":["GET"]}}],"collection":[{"href":"https:\/\/abes-es.org.br\/evento\/wp-json\/wp\/v2\/pages"}],"about":[{"href":"https:\/\/abes-es.org.br\/evento\/wp-json\/wp\/v2\/types\/page"}],"author":[{"embeddable":true,"href":"https:\/\/abes-es.org.br\/evento\/wp-json\/wp\/v2\/users\/2"}],"replies":[{"embeddable":true,"href":"https:\/\/abes-es.org.br\/evento\/wp-json\/wp\/v2\/comments?post=11"}],"version-history":[{"count":8,"href":"https:\/\/abes-es.org.br\/evento\/wp-json\/wp\/v2\/pages\/11\/revisions"}],"predecessor-version":[{"id":4164,"href":"https:\/\/abes-es.org.br\/evento\/wp-json\/wp\/v2\/pages\/11\/revisions\/4164"}],"wp:attachment":[{"href":"https:\/\/abes-es.org.br\/evento\/wp-json\/wp\/v2\/media?parent=11"}],"curies":[{"name":"wp","href":"https:\/\/api.w.org\/{rel}","templated":true}]}}